ate the remainder when 47150 is divided by 45.
35
Calculate the remainder when 70831 is divided by 230.
221
Calculate the remainder when 18668 is divided by 1216.
428
What is the remainder when 169907 is divided by 279?
275
Calculate the remainder when 82223 is divided by 20548.
31
What is the remainder when 1388 is divided by 220?
68
What is the remainder when 2475 is divided by 20?
15
What is the remainder when 60964 is divided by 6772?
16
Calculate the remainder when 232458 is divided by 116224.
10
What is the remainder when 288804 is divided by 288796?
8
What is the remainder when 172397 is divided by 487?
486
What is the remainder when 8531 is divided by 220?
171
Calculate the remainder when 583737 is divided by 137.
117
Calculate the remainder when 166755 is divided by 11.
6
What is the remainder when 5929634 is divided by 66?
62
Calculate the remainder when 7732 is divided by 854.
46
What is the remainder when 5212 is divided by 2437?
338
What is the remainder when 19030 is divided by 9496?
38
What is the remainder when 3399 is divided by 852?
843
What is the remainder when 822 is divided by 54?
12
Calculate the remainder when 7716421 is divided by 143.
141
Calculate the remainder when 5155 is divided by 5148.
7
Calculate the remainder when 44677 is divided by 72.
37
What is the remainder when 948701 is divided by 184?
181
What is the remainder when 60254 is divided by 151?
5
What is the remainder when 13377 is divided by 1335?
27
What is the remainder when 79776 is divided by 15942?
66
What is the remainder when 798264 is divided by 405?
9
What is the remainder when 51906 is divided by 415?
31
Calculate the remainder when 2149 is divided by 10.
9
Calculate the remainder when 2478 is divided by 209.
179
Calculate the remainder when 8361 is divided by 137.
4
Calculate the remainder when 724729 is divided by 139.
122
What is the remainder when 1953 is divided by 166?
127
Calculate the remainder when 7846 is divided by 18.
16
What is the remainder when 10321 is divided by 10226?
95
What is the remainder when 1046805 is divided by 1206?
1203
What is the remainder when 2702 is divided by 668?
30
What is the remainder when 10255572 is divided by 825?
822
What is the remainder when 52637 is divided by 86?
5
What is the remainder when 10261 is divided by 708?
349
What is the remainder when 500713 is divided by 100140?
13
What is the remainder when 15502 is divided by 456?
454
What is the remainder when 5353 is divided by 280?
33
What is the remainder when 34070 is divided by 43?
14
What is the remainder when 1975 is divided by 361?
170
What is the remainder when 1809 is divided by 67?
0
What is the remainder when 241788 is divided by 34539?
15
What is the remainder when 7636 is divided by 288?
148
What is the remainder when 48746 is divided by 16240?
26
Calculate the remainder when 64628 is divided by 534.
14
What is the remainder when 2513 is divided by 17?
14
What is the remainder when 465 is divided by 226?
13
Calculate the remainder when 258353 is divided by 463.
462
What is the remainder when 1793943 is divided by 66?
63
What is the remainder when 9358 is divided by 1097?
582
Calculate the remainder when 1670 is divided by 1495.
175
What is the remainder when 58197 is divided by 2?
1
What is the remainder when 10869 is divided by 207?
105
Calculate the remainder when 18364 is divided by 705.
34
Calculate the remainder when 45657 is divided by 30.
27
What is the remainder when 155425 is divided by 122?
119
Calculate the remainder when 4158 is divided by 59.
28
What is the remainder when 13241 is divided by 6615?
11
What is the remainder when 18966 is divided by 3161?
0
What is the remainder when 1030 is divided by 101?
20
What is the remainder when 130139 is divided by 43361?
56
What is the remainder when 41416 is divided by 3765?
1
What is the remainder when 5102 is divided by 431?
361
Calculate the remainder when 1327158 is divided by 6.
0
Calculate the remainder when 351850 is divided by 113.
81
What is the remainder when 31818 is divided by 1?
0
Calculate the remainder when 447588 is divided by 2869.
24
Calculate the remainder when 81505 is divided by 81351.
154
What is the remainder when 172352 is divided by 1222?
50
Calculate the remainder when 5325 is divided by 2646.
33
Calculate the remainder when 107038 is divided by 1574.
6
Calculate the remainder when 11268 is divided by 1094.
328
What is the remainder when 3178 is divided by 916?
430
Calculate the remainder when 565 is divided by 20.
5
Calculate the remainder when 199770 is divided by 655.
650
Calculate the remainder when 138476 is divided by 74.
22
What is the remainder when 80887 is divided by 30?
7
Calculate the remainder when 22890 is divided by 97.
95
Calculate the remainder when 1056139 is divided by 20.
19
Calculate the remainder when 19944 is divided by 172.
164
Calculate the remainder when 3738171 is divided by 38.
35
What is the remainder when 114339 is divided by 109?
107
What is the remainder when 36988 is divided by 360?
268
What is the remainder when 51190 is divided by 45?
25
What is the remainder when 564976 is divided by 14?
6
What is the remainder when 1068 is divided by 417?
234
Calculate the remainder when 24115 is divided by 72.
67
Calculate the remainder when 10073 is divided by 1965.
248
What is the remainder when 37079 is divided by 114?
29
What is the remainder when 281834 is divided by 97?
49
What is the remainder when 204139 is divided by 295?
294
Calculate the remainder when 53759 is divided by 9.
2
What is the remainder when 10624 is divided by 2?
0
Calculate the remainder when 1133902 is divided by 85.
2
Calculate the remainder when 200092 is divided by 24.
4
What is the remainder when 1844 is divided by 631?
582
Calculate the remainder when 16791 is divided by 16773.
18
What is the remainder when 216485 is divided by 111?
35
Calculate the remainder when 58390 is divided by 97.
93
What is the remainder when 3918 is divided by 1193?
339
Calculate the remainder when 57574 is divided by 224.
6
Calculate the remainder when 12718 is divided by 533.
459
What is the remainder when 576119 is divided by 120?
119
Calculate the remainder when 2329 is divided by 117.
106
What is the remainder when 3733 is divided by 3408?
325
What is the remainder when 206 is divided by 115?
91
Calculate the remainder when 903 is divided by 278.
69
Calculate the remainder when 2008 is divided by 1947.
61
What is the remainder when 78552 is divided by 19635?
12
What is the remainder when 44002 is divided by 880?
2
Calculate the remainder when 1943 is divided by 103.
89
Calculate the remainder when 89334 is divided by 179.
13
What is the remainder when 81769 is divided by 345?
4
Calculate the remainder when 17085 is divided by 398.
369
What is the remainder when 47999 is divided by 6854?
21
Calculate the remainder when 342466 is divided by 14.
12
Calculate the remainder when 119 is divided by 20.
19
What is the remainder when 20148 is divided by 20148?
0
Calculate the remainder when 1440447 is divided by 284.
283
What is the remainder when 46601 is divided by 65?
61
What is the remainder when 313723 is divided by 172?
167
Calculate the remainder when 73483 is divided by 29.
26
What is the remainder when 136415 is divided by 116?
115
Calculate the remainder when 3388 is divided by 383.
324
What is the remainder when 5322 is divided by 5305?
17
Calculate the remainder when 12360 is divided by 4116.
12
Calculate the remainder when 17215 is divided by 233.
206
What is the remainder when 17205 is divided by 5734?
3
What is the remainder when 11910 is divided by 2233?
745
What is the remainder when 4321 is divided by 2074?
173
What is the remainder when 5062 is divided by 231?
211
Calculate the remainder when 484 is divided by 160.
4
What is the remainder when 374781 is divided by 384?
381
Calculate the remainder when 300 is divided by 169.
131
What is the remainder when 25833 is divided by 6453?
21
Calculate the remainder when 904356 is divided by 983.
979
Calculate the remainder when 54816 is divided by 75.
66
What is the remainder when 306 is divided by 236?
70
Calculate the remainder when 661834 is divided by 184.
170
Calculate the remainder when 153930 is divided by 30785.
5